hat is -4 + -132?
-141
In base 10, what is 3533 + -5?
3528
In base 13, what is 1 + 18c?
190
In base 3, what is -1 - 101201?
-101202
In base 5, what is 3 + -2102?
-2044
In base 2, what is 101 - -10111?
11100
In base 3, what is -10011 - 0?
-10011
In base 8, what is -2 + 7061?
7057
In base 7, what is -3 + -10?
-13
In base 9, what is -12 - -181?
168
In base 13, what is 3 - c4?
-c1
In base 12, what is 42a - -9?
437
In base 12, what is -1 + -251?
-252
In base 12, what is 2 + a4?
a6
In base 6, what is 5 - -3101?
3110
In base 3, what is -201022 + 202?
-200120
In base 10, what is -1 - -599?
598
In base 12, what is 25a7 - 5?
25a2
In base 16, what is 8d + 0?
8d
In base 3, what is -2202021 + 1?
-2202020
In base 9, what is -3 + -25?
-28
In base 13, what is -1b29 + 0?
-1b29
In base 14, what is -1400 - 4?
-1404
In base 14, what is -5 + -7?
-c
In base 5, what is -124 - 140?
-314
In base 8, what is -305 + 40?
-245
In base 14, what is -1 + -18?
-19
In base 3, what is -21 + -200?
-221
In base 2, what is -100010 - 1100?
-101110
In base 12, what is 12 + 91?
a3
In base 15, what is 2 + 449?
44b
In base 13, what is 2a3 - -13?
2b6
In base 13, what is -3c - -6?
-36
In base 13, what is -c3 + 6?
-ba
In base 6, what is 21 + 12?
33
In base 9, what is 43 - -13?
56
In base 3, what is -2 + 102001?
101222
In base 4, what is -10013 - -122?
-3231
In base 7, what is 130 - -102?
232
In base 6, what is 4 - 10430?
-10422
In base 10, what is 33 - -22?
55
In base 10, what is 741 + 2?
743
In base 16, what is -1 - -4?
3
In base 11, what is 4 - -374?
378
In base 9, what is 35 - 545?
-510
In base 5, what is -2 - 1004?
-1011
In base 7, what is 1 - -42?
43
In base 9, what is 8 - 4?
4
In base 11, what is -140 + 24?
-117
In base 13, what is 3 + -60?
-5a
In base 12, what is 17 - 2?
15
In base 8, what is 0 + 167?
167
In base 9, what is -14 + -14?
-28
In base 4, what is -201101 - 10?
-201111
In base 10, what is 1 - -187?
188
In base 8, what is -5 + -4?
-11
In base 10, what is 0 - -19?
19
In base 13, what is 75 - 3?
72
In base 15, what is 9b - 3?
98
In base 8, what is 10 - -4?
14
In base 9, what is -32 + -10?
-42
In base 15, what is -3b - -171?
135
In base 13, what is -5 + -219?
-221
In base 9, what is -1 - -1?
0
In base 3, what is 22022 - -1122?
100221
In base 11, what is -27 + -23?
-4a
In base 6, what is -4 - -32?
24
In base 2, what is -101 - 1111?
-10100
In base 13, what is 1490 - -2?
1492
In base 4, what is -23 + 32?
3
In base 7, what is 31 + 141?
202
In base 2, what is -1011000101 - 111?
-1011001100
In base 7, what is -515 - -5?
-510
In base 6, what is 15 - -30?
45
In base 13, what is -200 + 2?
-1cb
In base 14, what is -7ad + 3?
-7aa
In base 14, what is 18d + -4?
189
In base 4, what is 2 + 212212?
212220
In base 8, what is -433 - 1?
-434
In base 7, what is -44 - -36?
-5
In base 16, what is 1f7 - -5?
1fc
In base 14, what is 11 - -13?
24
In base 10, what is 14 + -87?
-73
In base 13, what is 10 - -6?
16
In base 16, what is af - 3d?
72
In base 8, what is 1054 + 4?
1060
In base 13, what is -2 + 60?
5b
In base 2, what is -11 + 110010110?
110010011
In base 12, what is -63 + -1?
-64
In base 11, what is -3 - 17?
-1a
In base 13, what is -4 + -16c7?
-16cb
In base 5, what is 10 + -22330?
-22320
In base 7, what is 3 - -1366?
1402
In base 8, what is 11 + -47?
-36
In base 15, what is -94 + -5?
-99
In base 2, what is -11100011 + -101?
-11101000
In base 4, what is 110 - 233?
-123
In base 8, what is -15 + 53?
36
In base 14, what is 2 - 34?
-32
In base 11, what is -5 - 2629?
-2633
In base 6, what is -151 + 443?
252
In base 4, what is 2 - 333330?
-333322
In base 13, what is 5 + -49?
-44
In base 5, what is 1233 + -4?
1224
In base 9, what is 574 + 13?
587
In base 10, what is 4 - -21?
25
In base 13, what is -b04 + -3?
-b07
In base 13, what is -34 - 2?
-36
In base 3, what is -12010 - 1?
-12011
In base 13, what is a3 - 2b?
75
In base 2, what is -1111 + -10011001?
-10101000
In base 3, what is 10 + -120?
-110
In base 9, what is 4 - -7665?
7670
In base 12, what is -66 + 18?
-4a
In base 4, what is -2 - 200320?
-200322
In base 5, what is -3 - -130?
122
In base 10, what is -1139 - 0?
-1139
In base 8, what is -3 + 2245?
2242
In base 6, what is 31324 - -1?
31325
In base 2, what is 1011100 - -11100?
1111000
In base 3, what is -12 + -111100?
-111112
In base 6, what is 223 + -122?
101
In base 6, what is -1342 + -10?
-1352
In base 6, what is -11 + -10152?
-10203
In base 7, what is -22 - 31?
-53
In base 5, what is -104 + 44?
-10
In base 16, what is 5 - 38?
-33
In base 5, what is -32434 - 1?
-32440
In base 3, what is 11220 + -10?
11210
In base 12, what is 6b - 4?
67
In base 10, what is 127 - -49?
176
In base 16, what is -3ce7 - -2?
-3ce5
In base 6, what is -25314 + -1?
-25315
In base 12, what is -2b - 5?
-34
In base 15, what is 2c1 + -2?
2be
In base 15, what is -5879 - 3?
-587c
In base 14, what is 61 + 5?
66
In base 10, what is -7172 + -4?
-7176
In base 9, what is 0 - -47?
47
In base 11, what is 3 - 68?
-65
In base 11, what is 5 + -69?
-64
In base 12, what is -1 + -157?
-158
In base 13, what is -bc - -9?
-b3
In base 5, what is -1131 - -2?
-1124
In base 11, what is 2 + 24a?
251
In base 5, what is 10 - 14041?
-14031
In base 2, what is -10 - -100100?
100010
In base 4, what is 322010 + 2?
322012
In base 8, what is -1416 - 3?
-1421
In base 12, what is -4 + -4?
-8
In base 7, what is -4 + -3063?
-3100
In base 6, what is -2345 - -2?
-2343
In base 6, what is 10 - -451?
501
In base 11, what is -2 - 1557?
-1559
In base 11, what is -15 + -1?
-16
In base 9, what is -5565 + 1?
-5564
In base 11, what is 4 + -a7?
-a3
In base 4, what is -3202 - -10?
-3132
In base 5, what is 4 + 43?
102
In base 11, what is -222 - 6?
-228
In base 14, what is -15 - c8?
-dd
In base 5, what is 11 - -10424?
10440
In base 16, what is 4 + 2c?
30
In base 10, what is -58 + -1?
-59
In base 8, what is 0 + 430?
430
In base 10, what is 204 + -3?
201
In base 16, what is 2 - 2b6?
-2b4
In base 4, what is 3022 + 11?
3033
In base 8, what is 3 - 41?
-36
In base 13, what is -12 + 16?
4
In base 2, what is -10110101 - -11011?
-10011010
In base 9, what is -161 + -2?
-163
In base 9, what is 31 + -44?
-13
In base 14, what is b + 190?
19b
In base 13, what is 0 - -24c5?
24c5
In base 12, what is 0 - -1b8?
1b8
In base 4, what is 11 - -233?
310
In base 12, what is -4 + 2?
-2
In base 5, what is 234 - -44?
333
In base 11, what is 264 + 5?
269
In base 9, what is -3 - 322?
-325
In base 16, what is 1136 + 5?
113b
In base 14, what is -103 + -2?
-105
In base 16, what is -30 - -a?
-26
In base 4, what is 2 + -103?
-101
In base 12, what is -2 + 170a?
1708
In base 13, what is -2 - 244?
-246
In base 8, what is 2 - -530?
532
In base 7, what is 5 + 6304?
6312
In base 4, what is -2 - 2033?
-2101
In base 6, what is -415 - -5?
-410
In base 6, what is -3 - -1321?
1314
In base 14, what is 5 - -1a9b?
1aa2
In base 15, what is -302 + -3?
-305
In base 6, what is -20 + 523?
503
In base 12, what is -4 - 142a?
-1432
In base 15, what is -2 - 36?
-38
In base 6, what is 312 - -145?
501
In base 7, what is 56 + -16?
40
In base 9, what is -127 - -13?
-114
In base 11, what is -55 + -1a?
-74
In base 6, what is -11 - -504?
453
In base 2, what is -11 - 101101?
-110000
In base 11, what is 2a + 7?
36
In base 2, what is 1000 - 1011110111?
-1011101111
In base 12, what is 145 + 62?
1a7
In base 2, what is -1 - -10100110?
10100101
In base 3, what is 2222 - 20212?
-10220
In base 12, what is 2 - -7?
9
In base 11, what is -3 + -5?
-8
In base 12, what is 4 - 36?
-32
In base 13, what is -4 - 58b?
-592
In base 10, what is -438 - 3?
-441
In base 12, what is -7 + 419?
412
In base 13, what is 1ac - 1?
1ab
In base 6, what is 0 - 4004?
-4004
In base 3, what is 1 - -12010?
12011
In base 12, what is -6a7 - 2?
-6a9
In base 5, what is 1333 + 4?
1342
In base 6, what is 4 + -20?
-12
In base 11, what is -124 - -5?
-11a
In base 6, what is -4031 + 3?
-4024
In base 14, what is 981 + -5?
97a
In base 13, what is -3 - 3a?
-40
In base 12, what is 2 - -879?
87b
In base 15, what is -3 - 1d?
-21
In base 2, what is 10110000 + 100?
10110100
In base 2, what is 1010110111010 - -11?
1010110111101
In base 3, what is -11 - 1111121?
-1111202
In base 9, what is -2 + -6257?
-6260
In base 4, what is 2 - 22?
-20
In base 9, what is -258 - -4?
-254
In base 16, what is -3 